st the prime factors of t.
2, 7
Let f = 147 + -94. List the prime factors of f.
53
Let x(a) = 3*a. Let k be x(5). Suppose -k = -2*c + r, c + 2*c - 21 = r. What are the prime factors of c?
2, 3
Suppose -7*s + 64 = -104. What are the prime factors of s?
2, 3
Suppose -956 = -4*z + 12. List the prime factors of z.
2, 11
Let z(l) = -l**2 - 6*l + 2. Let k be z(-6). Suppose -k*b - 3*b + 15 = 0. Suppose 0 = -0*n + b*n - 18. What are the prime factors of n?
2, 3
Suppose -72 = -4*g + 3*l, 130 = 5*g - 4*l + 41. Suppose 3*n - 4*f = g, -4*n - 6 = -2*n + 4*f. Suppose n*u - 49 = -19. List the prime factors of u.
2, 5
Let v(f) = -f**3 + 7*f**2 - 6*f + 8. Suppose -j - 13 = -2*t, 0 = -3*j - 2*j - 2*t - 17. Let b = 11 + j. List the prime factors of v(b).
2
Let n(q) = q**2 - 10*q - 15. What are the prime factors of n(13)?
2, 3
Suppose 4*j = -0*x + 2*x - 138, 3*j - 15 = 0. List the prime factors of x.
79
List the prime factors of (-28)/7 + 69*1.
5, 13
Suppose 5 = h + 1. Suppose l = -h*n + 2*n + 15, -15 = -3*n - 4*l. What are the prime factors of n?
3
Let v(z) = -2*z**2 - 2*z + 2. Let h be v(-2). Let q(b) = -b**3 - b - 1. What are the prime factors of q(h)?
3
Suppose -20 = -7*k + 2*k. Suppose -k = -g - 0. What are the prime factors of g?
2
Let r(p) = p**3 - 3*p**2 + p. Let k be r(2). Let w(o) be the second derivative of o**4/12 - o**3/3 - 3*o**2/2 - 4*o. List the prime factors of w(k).
5
Suppose -2*y + 0*y + 54 = 0. Suppose 3*p + y = -2*v + 3*v, 5*p = 4*v - 122. List the prime factors of v.
3, 11
Suppose -2*q - 5*y = -64, -2*q - y - 79 = -5*q. List the prime factors of q.
3
Let r be (1 - 9)*5/(-10). Suppose 8*u - r*u - 92 = 0. List the prime factors of u.
23
Suppose -4*j = -6*j + 8. Suppose -2 - j = -2*i. Suppose -i*x = 2*x - 25. What are the prime factors of x?
5
Suppose 6*v - 206 = 124. List the prime factors of v.
5, 11
Suppose 5*d - 6 = -3*l + 10, -d = -l - 8. Suppose 24 = d*p - 16. List the prime factors of p.
2
List the prime factors of -1 + -1*(-3 - 24).
2, 13
Let o be 120/21 - (-4)/14. Suppose -4*m + m = -o. Suppose -14 = -0*w - m*w. List the prime factors of w.
7
List the prime factors of ((-5)/2)/(12/(-120)).
5
Let v = 94 - 53. Let f = -21 + v. What are the prime factors of f?
2, 5
Suppose -3*p - 3*y = 0, 2*p + 5*y = 1 - 4. Let a be (-2 + 2)/(-2) - p. List the prime factors of (-1)/(a*2/22).
11
Let a be (-5 - -3)*(2 - 3). Suppose -3*p = -5*q + 15, 4*q - 4 = p + a*q. Let i = p - -14. List the prime factors of i.
2
Let h = -163 - -430. What are the prime factors of h?
3, 89
Let c be -2*(-2 - 39/(-6)). Let u be c + 3/((-9)/6). Let l = -8 - u. List the prime factors of l.
3
Let g(h) = -h + 6. Let v be g(8). Let y(i) = -7*i + 1. What are the prime factors of y(v)?
3, 5
Suppose 3*p + 2*a - 6 - 6 = 0, -3*p - 3*a + 12 = 0. Suppose -3*s + 104 = s + p*i, 2*i + 98 = 4*s. What are the prime factors of s?
5
Let s(b) = b**2 + 5*b - 2. Let q be s(-4). Let m(f) = f + 8. Let o be m(q). Suppose 10 = o*a - 0. What are the prime factors of a?
5
Let c = 132 + -43. What are the prime factors of c?
89
Suppose -2*m = -3*m + 24. What are the prime factors of m?
2, 3
Suppose 4*t - 790 = 5*n + t, 0 = -n + 2*t - 158. List the prime factors of n/(-14) - 4/14.
11
Suppose 0 = t - 3*t + 4. Suppose f - 67 = -4*k, -2*k = -2*f + t - 38. List the prime factors of k.
17
Let c(n) = -n**2 + 9*n + 16. Suppose -i - s = 4*s - 11, 5*i - 3*s = 55. Let j be c(i). What are the prime factors of (0 - 2/j)*69?
23
Let k(a) = a + 1. Let y(m) be the third derivative of m**5/60 + 5*m**4/24 + m**3/3 - 4*m**2. Let u(j) = -2*k(j) + y(j). List the prime factors of u(-6).
2, 3
Let h(m) = -m**3 + m**2 - 2*m + 4. Let p be h(-3). Suppose -13 + p = 3*n. What are the prime factors of n?
11
Let k = -4 + 2. Let q be -5*6*k/4. Let b = q + -8. List the prime factors of b.
7
Let g = -18 - -27. Suppose 2*k - v - g = 2*v, 5*v - 17 = -2*k. Suppose -k = -2*q, -2*i - 2*q = -9 - 21. What are the prime factors of i?
2, 3
List the prime factors of 7*(-4 - 4)/(-4).
2, 7
Let f = -6 + 5. Let i(p) = -5*p**3 + p**2 - 1. What are the prime factors of i(f)?
5
Let j(w) = -w**3 + 4*w**2 + 3. Let n be j(3). Let y = n - 5. What are the prime factors of y?
7
Let y = -2 + 86. What are the prime factors of y?
2, 3, 7
Let f(b) = -3*b**3 - 8*b**2 - 3*b + 12. Let v(w) = 5*w**3 + 4*w**2 + 4*w**2 - 18 + 4*w**2 + 4*w. Let g(t) = -8*f(t) - 5*v(t). List the prime factors of g(4).
2, 5
Let w(y) = 2*y - 3. Let j be (-2)/4*(-2 + -4). Let d be w(j). Let i(k) = 2*k**3 - 4*k**2 + k - 1. List the prime factors of i(d).
2, 5
Let v be 32/6 + (-2)/6. Suppose -p + 1 = 2*u + 2*p, u - 7 = v*p. List the prime factors of u/(-4) + (-63)/(-6).
2, 5
What are the prime factors of (3 - 1)/(-5*(-5)/1025)?
2, 41
Suppose -2*s + 42 = -18. Let r be s/8*(-16)/(-6). What are the prime factors of ((-18)/(-5))/(3/r)?
2, 3
Suppose -3*i - 5*a = 22, 2*a + 0*a = -5*i - 43. Let j = i + 19. What are the prime factors of j?
2, 5
Let i = 2 - -148. Suppose -8*a = -3*a - i. List the prime factors of a.
2, 3, 5
Suppose -4*x - 4*s + 308 = 0, -3*s - 66 = -3*x + 147. List the prime factors of x.
2, 37
Suppose -2*q - 1 - 1 = -h, 5*q = -5*h + 10. What are the prime factors of (4 + q - -35) + 2?
41
Let m(h) = -h**3 - 3*h**2 + 2*h + 2. Let g be m(-3). Let y(s) = s**2 - 3*s - 4. List the prime factors of y(g).
2, 3
Let x(h) = h - 2. Let a be x(5). Suppose -a*f - 2*f = -25, 10 = 2*s + 2*f. Let p = 6 - s. What are the prime factors of p?
2, 3
Suppose -l + 86 = -6. List the prime factors of l.
2, 23
Let n(t) = 2*t**2 - 7*t - 8. Let c be n(6). Let z = 8 + -18. Let m = z + c. What are the prime factors of m?
2, 3
Let f(m) = -m**2 + 8*m - 8. Let l be f(6). Let h(z) = -z**3 - 4*z**2 + 9*z + 6. Let p be h(-6). Suppose l*i - 16 = p. What are the prime factors of i?
2, 5
Suppose -4*y + 39 = 5*z, 3*y = -z + 36 + 7. What are the prime factors of y?
2
Let l = 26 + -6. List the prime factors of l.
2, 5
List the prime factors of 22*2 + (-22)/11.
2, 3, 7
Let c = 36 + -12. Suppose 0 = -4*u - 57 + 5. Let g = c + u. List the prime factors of g.
11
Suppose -b - 3*j = 0, 2*b = -7*j + 2*j. Suppose b = -8*v + 3*v. What are the prime factors of 5 - (v - (1 - 0))?
2, 3
Let d(r) = -r. Let u be (-7 + 4)/(0 + 1). What are the prime factors of d(u)?
3
Suppose -2*n + 100 = 3*n. Let k = n - 35. What are the prime factors of k/(-2 + -1) - 0?
5
Let f(h) = h**3 - 7*h**2 + 8*h - 6. Let w be f(6). Let q = w + -1. List the prime factors of q.
5
Let f be 15/(-6)*24/(-15). Suppose -20 = -f*l + 4. Suppose -l = h - 22. List the prime factors of h.
2
Let i(q) = -q**3 + q**2 + q - 7. Let v be i(0). Let l = v - -10. Suppose 0*n + 54 = l*d - 3*n, 3*d = 4*n + 56. What are the prime factors of d?
2
Suppose -4*s = -2*q - 338, -2*q + 0 = -2. Suppose -5*z = -0*w + 4*w - s, 0 = -5*z + 25. What are the prime factors of w?
3, 5
Let i = -21 - -39. What are the prime factors of i?
2, 3
Let j be (-11)/(-4) + 6/(-8). What are the prime factors of ((-4)/3)/(j/(-18))?
2, 3
Suppose 3*p + 48 = 2*n + 4*p, -4*n = -p - 90. Suppose -n = -2*t - 1. List the prime factors of t.
11
Let n(h) = h + 3. Let w be n(3). Let l = 4 + w. Let j = -7 + l. What are the prime factors of j?
3
Suppose 31 = 4*d - 3*s, 4*d + 2*s + 3*s = -9. Suppose -h + 9 = -2*o + 49, 4*h - 80 = -d*o. What are the prime factors of o?
2, 5
Suppose -3*r = -3*k - 24, -r + 5 + 0 = 2*k. Suppose -256 = 3*o - r*o. Suppose p - o = -3*p. List the prime factors of p.
2
Suppose -5*k + 33 - 3 = 0. List the prime factors of k.
2, 3
Suppose -4*b + 20 = 0, -2*b - 141 = -4*h - 3*b. What are the prime factors of h?
2, 17
Suppose 0*a + 18 = -4*a - g, -3*g = 4*a + 14. Suppose -9 + 29 = -2*d. Let m = a - d. List the prime factors of m.
5
Suppose 0 = v + 8*v - 333. What are the prime factors of v?
37
Let s(z) = z**2 - 2*z - 1. Let h = 1 - -2. Let a be s(h). Let k(i) = 2*i. List the prime factors of k(a).
2
Let s(f) be the third derivative of -31*f**6/120 + 3*f**2. What are the prime factors of s(-1)?
31
List the prime factors of (-333)/6*(1 - -1)/(-1).
3, 37
Let q = 7 + -2. Let k = -10 + q. Let d = 10 + k. What are the prime factors of d?
5
Let g(q) = -q - 4*q**2 + 3 + 2 + 1 + q**3. Let t be g(5). List the prime factors of 3 + 3/6*t.
2
Let b = -6 - -5. Let y be (-1)/(-1 + -1 - b). What are the prime factors of -2 +